s -4d8d6 (base 15) in base 4?
-330220320
Convert 27a15 (base 14) to base 15.
1e099
Convert -ba2b6 (base 13) to base 10.
-336628
Convert -12324a1 (base 11) to base 10.
-2140843
What is -1001110110212210 (base 3) in base 4?
-321230312232
Convert 11025434 (base 6) to base 5.
41033210
Convert 253389 (base 10) to base 13.
8b446
428839 (base 11) to base 7
5552335
What is -541210 (base 8) in base 7?
-1352216
What is 1e7eb6 (base 15) in base 5?
340320241
What is -554320520 (base 6) in base 3?
-200211120211010
Convert 68168b (base 12) to base 6.
55340255
Convert -102000222011112 (base 3) to base 14.
-ac9515
Convert 9169 (base 13) to base 16.
4e3d
Convert -d61a (base 16) to base 9.
-83160
Convert -94d68 (base 16) to base 15.
-c097a
Convert 808183 (base 10) to base 6.
25153331
What is 3d8420 (base 15) in base 11?
174503a
What is bd75 (base 16) in base 11?
33492
Convert 2513024 (base 8) to base 12.
2955b0
101010000111001010 (base 2) to base 5
21004430
-5346a (base 15) to base 5
-31424000
What is 31003140 (base 6) in base 9?
1601866
What is 2346625 (base 7) in base 12?
12433a
What is 42453503 (base 6) in base 2?
100110001100010001111
Convert -50a60 (base 15) to base 8.
-762751
-e2b1c0 (base 15) to base 10
-10770030
What is -1c8646 (base 14) in base 16?
-f9836
What is -374c7b4 (base 13) in base 8?
-101543450
What is 111000101100101 (base 2) in base 15?
8904
Convert 1184443 (base 9) to base 4.
2131301301
Convert 3d711d (base 14) to base 15.
2c1be1
-112015465 (base 7) to base 11
-3943a84
What is -4735142 (base 9) in base 5?
-1124000204
-25e45 (base 16) to base 14
-407c1
What is -2c336 (base 13) in base 11?
-58159
-63482b (base 15) to base 10
-4723466
What is -201323243 (base 5) in base 10?
-807948
What is abb4a (base 12) in base 10?
228010
Convert -13221212101 (base 4) to base 15.
-2992cd
-6d56cd (base 16) to base 13
-163b736
21122201221 (base 3) to base 5
14310322
2220333211 (base 4) to base 3
1022011111221
-f8da (base 16) to base 2
-1111100011011010
323223301 (base 4) to base 9
412307
What is 100110011010000110 (base 2) in base 8?
463206
25220304 (base 6) to base 16
c6190
Convert 1216250 (base 7) to base 6.
3201315
What is 202010010100 (base 3) in base 9?
663110
303130301 (base 4) to base 2
110011011100110001
What is -10223122 (base 4) in base 10?
-19162
16afe (base 16) to base 14
25c18
What is 5199132 (base 10) in base 9?
10703773
What is 38200 (base 9) in base 16?
644d
Convert -11746 (base 14) to base 9.
-64376
Convert 36c03 (base 14) to base 5.
13242232
Convert 1012221112211221 (base 3) to base 7.
301552453
4764012 (base 8) to base 3
2110021120000
62356 (base 14) to base 13
83939
4b97b2 (base 16) to base 8
22713662
What is -59518 (base 10) in base 8?
-164176
Convert 203123321 (base 7) to base 2.
101101011010100101000101
-3320504 (base 9) to base 15
-253d51
What is -535603 (base 7) in base 4?
-112301002
a305 (base 16) to base 6
521113
Convert -17b39e (base 16) to base 10.
-1553310
What is -1001101110202 (base 3) in base 5?
-120340013
Convert 293b1 (base 14) to base 16.
18f7f
Convert -4a930 (base 13) to base 4.
-201220232
What is -33213535 (base 6) in base 13?
-28c02b
What is 389492 (base 10) in base 11?
2466a4
What is 270203 (base 8) in base 2?
10111000010000011
Convert -10122211010211 (base 3) to base 9.
-3584124
Convert 1434433001 (base 5) to base 7.
44350111
-24005 (base 10) to base 8
-56705
What is 1694302 (base 12) in base 11?
2701943
11021102222000 (base 3) to base 6
120411430
What is -2102202210 (base 3) in base 11?
-33028
-2122320123 (base 4) to base 2
-10011010111000011011
Convert 1a43b (base 15) to base 5.
10212311
What is 310666 (base 8) in base 14?
29698
-20002212120210 (base 3) to base 16
-318495
Convert -22569 (base 14) to base 11.
-57722
a3132 (base 11) to base 9
248467
What is 101112311201 (base 4) in base 3?
22120011101222
-2819587 (base 11) to base 8
-22421742
Convert -12a21 (base 15) to base 9.
-100744
What is -530316 (base 7) in base 6?
-1543050
Convert 1101100011010001 (base 2) to base 15.
116a5
What is -3301622 (base 7) in base 16?
-62a35
Convert -6726086 (base 9) to base 6.
-205325123
42851 (base 14) to base 9
264506
Convert 403637 (base 8) to base 9.
222423
What is 373bf (base 16) in base 14?
5c63d
-1b871b2 (base 12) to base 5
-3002321043
-67272 (base 13) to base 11
-1186a0
What is 2011002334 (base 5) in base 13?
aa0a8a
What is -414c9 (base 13) in base 16?
-1ca22
Convert -51d24 (base 15) to base 5.
-31300314
What is 156261 (base 13) in base 14?
da449
Convert 111011111111 (base 3) to base 16.
3f457
Convert 1322110003 (base 4) to base 7.
4154425
What is -221000202001 (base 3) in base 11?
-307123
Convert 5897870 (base 10) to base 13.
12b6684
-30505 (base 8) to base 7
-51526
Convert -43923 (base 11) to base 13.
-22c9a
Convert 173735 (base 8) to base 9.
106033
What is -170206 (base 11) in base 4?
-1000121222
-21200200200 (base 3) to base 4
-210331233
What is 3938450 (base 11) in base 16?
680db4
What is -399143 (base 15) in base 6?
-135130113
Convert 313322110 (base 5) to base 11.
813611
What is -4565256 (base 7) in base 14?
-10c09d
What is -101010101001111100 (base 2) in base 15?
-36b7b
1180997 (base 12) to base 9
6354737
What is 10e0d0 (base 15) in base 9?
1458666
Convert 323213332213 (base 4) to base 9.
32362601
Convert 101010011010100011010010 (base 2) to base 4.
222122203102
-cd833 (base 14) to base 13
-145a50
What is 46257 (base 11) in base 7?
365624
-4313220 (base 6) to base 5
-23240410
What is ab971 (base 15) in base 5?
114424011
Convert 4b6a96 (base 14) to base 16.
278eac
Convert -7d1c41 (base 15) to base 8.
-26637356
Convert 415414 (base 9) to base 15.
4d194
-11a170 (base 11) to base 15
-3b0d5
-30246061 (base 9) to base 3
-1000021120002001
Convert -225073 (base 9) to base 3.
-20212002110
-11111000000100010 (base 2) to base 7
-1036202
-251525032 (base 6) to base 12
-1759778
-111000101100101100 (base 2) to base 4
-320230230
What is 183ac (base 13) in base 2?
1011011011000010
-34a220 (base 12) to base 13
-238704
63842 (base 13) to base 8
536243
What is 241141014 (base 5) in base 2?
100010000001111111110
What is -8b6677 (base 12) in base 5?
-1032330300
3ead84 (base 16) to base 5
2022421102
What is 148291 (base 10) in base 9?
245367
1000020210021 (base 3) to base 5
114131024
What is -6412550 (base 7) in base 5?
-144321424
2c1612 (base 13) to base 9
2038173
What is 3072875 (base 9) in base 3?
10002102222112
20227576 (base 8) to base 14
7d2bca
Convert 2d8401 (base 15) to base 13.
5c2702
Convert -19b8a88 (base 12) to base 14.
-a250a4
Convert -972414 (base 10) to base 13.
-2807c1
201564 (base 12) to base 4
1322013130
Convert -2a1471 (base 13) to base 4.
-3323233321
What is 1ec5d4 (base 15) in base 14?
2b43b7
Convert -1010001011011010 (base 2) to base 7.
-232355
What is -576071 (base 11) in base 12?
-381b92
What is -13068 (base 15) in base 4?
-32312300
Convert 3842170 (base 13) to base 12.
5a73771
What is -1271908 (base 10) in base 3?
-2101121201201
What is 3513 (base 16) in base 10?
13587
Convert 87b989 (base 14) to base 11.
2664807
432101450 (base 6) to base 5
3430103000
Convert 215894 (base 10) to base 14.
58970
-3aa27 (base 14) to base 4
-203110223
What is -100011000110101010001001 (base 2) in base 13?
-1ba2773
Convert 1001000110110010100 (base 2) to base 9.
504272
4170461 (base 9) to base 13
6016b7
Convert 123523424 (base 6) to base 2.
1001001111001111101000
What is 10103312004 (base 5) in base 4?
212331200003
What is -2302124140 (base 5) in base 12?
-18677b3
What is 7889b9 (base 15) in base 6?
323123320
Convert -86a40 (base 13) to base 5.
-30242122
112404 (base 11) to base 7
1343256
What is 88773d (base 14) in base 8?
21524033
434072 (base 8) to base 6
3041242
Convert 2502531 (base 7) to base 12.
135426
What is 2568099 (base 12) in base 10?
7354485
12110022020 (base 3) to base 8
321571
Convert -11000010111000111101 (base 2) to base 3.
-1111120000112
What is 57160 (base 11) in base 15?
1978e
What is -1c3c22c (base 13) in base 9?
-18608148
What is 1412620 (base 10) in base 15?
1cd84a
What is 1e05 (base 15) in base 9?
8855
-22647282 (base 9) to base 5
-10304432242
Convert 14b037 (base 13) to base 16.
7c736
What is -112020212100 (base 3) in base 15?
-581e6
Convert -206361 (base 13) to base 12.
-305856
What is -400015 (base 8) in b